at is 1 + 12211001?
12211002
In base 13, what is 755 + 42?
797
In base 7, what is 410303 - 5?
410265
In base 15, what is c044 - -32?
c076
In base 2, what is -101 - -10100100111001?
10100100110100
In base 12, what is 657 + 731?
1188
In base 8, what is -1164 + -1333?
-2517
In base 13, what is -2 - -4c85?
4c83
In base 9, what is 3550 - 11?
3538
In base 6, what is 321410 - -11?
321421
In base 16, what is 3 + 470f?
4712
In base 16, what is 25 - -346?
36b
In base 9, what is -2036 - 38?
-2075
In base 7, what is -260 - 10006?
-10266
In base 11, what is -11 + 43054?
43043
In base 6, what is -1325 - 2130?
-3455
In base 3, what is -1000110 + -20?
-1000200
In base 15, what is -32 + -26e9?
-272b
In base 14, what is 2390b1 - 5?
2390aa
In base 5, what is -2 + 244104?
244102
In base 9, what is 171278 + 4?
171283
In base 9, what is -1626667 - 4?
-1626672
In base 4, what is 103 - 221313?
-221210
In base 4, what is 13131313 - -1?
13131320
In base 12, what is 516 - -109a?
15b4
In base 4, what is 112002 - 101201?
10201
In base 15, what is 1 + -364d?
-364c
In base 4, what is -131023032 - -11?
-131023021
In base 7, what is -102 + -505?
-610
In base 5, what is 141313 - 11?
141302
In base 8, what is -132 - 206?
-340
In base 7, what is 21 + 10622?
10643
In base 9, what is 342 + -4420?
-4067
In base 10, what is 294235 - 3?
294232
In base 12, what is 4 - -7842?
7846
In base 10, what is -90947 - -3?
-90944
In base 13, what is -27983 - 12?
-27995
In base 10, what is 530 + 150?
680
In base 12, what is -527 + -160?
-687
In base 13, what is 12b16 - 2?
12b14
In base 7, what is -21430616 - -1?
-21430615
In base 16, what is 4 + -6fc?
-6f8
In base 16, what is -83 + -1bf9?
-1c7c
In base 15, what is 1552e - -2?
15531
In base 8, what is -4 - -1120723?
1120717
In base 13, what is 1 + -2569a?
-25699
In base 10, what is 2 - -208073?
208075
In base 12, what is -26a51 - 3?
-26a54
In base 5, what is -4313 - -121?
-4142
In base 13, what is -161 + -197?
-328
In base 12, what is -8 - 78226?
-78232
In base 2, what is -1000010010 + -110000011100?
-111000101110
In base 5, what is -13043014 - 3?
-13043022
In base 9, what is -2120 - 305?
-2425
In base 9, what is 1 + -81216?
-81215
In base 16, what is 7 - -1b1a?
1b21
In base 12, what is 533b - 1?
533a
In base 8, what is -1346 + -76?
-1444
In base 2, what is 10 - -10010100011000100?
10010100011000110
In base 15, what is 8bb7 + -c?
8baa
In base 12, what is 34325 + 3?
34328
In base 7, what is 4 - 330151?
-330144
In base 8, what is -316043 + 2?
-316041
In base 5, what is -3001330 - -32?
-3001243
In base 2, what is -10 + 11100110101011110?
11100110101011100
In base 3, what is 102112 - -20000111?
20110000
In base 5, what is -21413033 + -1?
-21413034
In base 16, what is 1b24e + 2?
1b250
In base 16, what is -192 - -1b1e?
198c
In base 10, what is -432049 + 0?
-432049
In base 8, what is 373574 - 2?
373572
In base 3, what is 20111 - -200121?
221002
In base 16, what is -6e11 - 25?
-6e36
In base 3, what is -100 + -21020?
-21120
In base 7, what is 660 - -3655?
4645
In base 3, what is 10202201021 + 12?
10202201110
In base 10, what is -1500 + -964?
-2464
In base 15, what is -1de52 + a?
-1de47
In base 9, what is 4346 + -260?
4076
In base 12, what is 1 - -51060?
51061
In base 9, what is 14 - 1137?
-1123
In base 10, what is 8 - -13986?
13994
In base 13, what is -6745 + -26?
-676b
In base 11, what is 849 - -4a2?
1240
In base 9, what is 72770 + -40?
72730
In base 14, what is 1a - -2396?
23b2
In base 14, what is 36 - -14d?
185
In base 5, what is -4341 - 2011?
-11402
In base 7, what is -5210 + -10?
-5220
In base 9, what is -3744 - 368?
-4223
In base 16, what is -10 - 275?
-285
In base 8, what is -512 - -77?
-413
In base 7, what is -4014 - -53?
-3631
In base 2, what is -1110101001001001001 + -1?
-1110101001001001010
In base 13, what is -115c3 - 2?
-115c5
In base 11, what is -695 - -21?
-674
In base 3, what is -22222020000 + 0?
-22222020000
In base 6, what is 1215 + 1453?
3112
In base 11, what is 613 + 28?
640
In base 4, what is 103 + -1221221?
-1221112
In base 16, what is 2 - -1ae9?
1aeb
In base 7, what is 0 + 52052?
52052
In base 8, what is -15 - -745122?
745105
In base 9, what is 1386 + 3388?
4785
In base 5, what is 4143213 - -43?
4143311
In base 14, what is -553 - -49?
-508
In base 10, what is -8035 + 5?
-8030
In base 15, what is -d89 + 1de?
-b9a
In base 10, what is -29 + -4246?
-4275
In base 15, what is -9cd3 - -1?
-9cd2
In base 3, what is -11 - 10002001212?
-10002002000
In base 9, what is 21 + -1846?
-1825
In base 15, what is -1 - -c79e?
c79d
In base 8, what is 4 + 1143?
1147
In base 9, what is 33 - 32785?
-32752
In base 15, what is -999b - 2?
-999d
In base 15, what is -5 - ba59e?
-ba5a4
In base 15, what is -a + -838d?
-8398
In base 13, what is -2b - -1011?
cb3
In base 16, what is -110f - -2a?
-10e5
In base 4, what is 11103 + -221?
10222
In base 13, what is -1208 + 4b5?
-a23
In base 13, what is -23 - -51a?
4c7
In base 9, what is -207060 + -17?
-207077
In base 9, what is 6653 + -111?
6542
In base 16, what is -a + -eb?
-f5
In base 13, what is 76 + -408?
-362
In base 2, what is 1011011101000011 + 10?
1011011101000101
In base 11, what is 13162 - 44?
13119
In base 9, what is 455 - 2002?
-1436
In base 11, what is 879 + a2?
970
In base 8, what is 61271 - -3?
61274
In base 11, what is 2a - 1a5a?
-1a30
In base 6, what is -54 + -1532015?
-1532113
In base 8, what is -744 + 727?
-15
In base 8, what is -35 - -253211?
253154
In base 5, what is -310002001 - -3?
-310001443
In base 10, what is -11387 - 3?
-11390
In base 14, what is b - 2c71?
-2c64
In base 9, what is 1 - 1008214?
-1008213
In base 9, what is -3 - -1345240?
1345236
In base 15, what is -1 + -17152?
-17153
In base 4, what is 2323332133 - -11?
2323332210
In base 9, what is -3043 + 12?
-3031
In base 3, what is 112110021211 - -1?
112110021212
In base 5, what is 121 + 11432?
12103
In base 13, what is 333 - 14b7?
-1184
In base 15, what is 1ce - -1d?
1ec
In base 4, what is 200 - -310223?
311023
In base 13, what is 26 + 684?
6aa
In base 9, what is 4 + 4576?
4581
In base 2, what is 100000010100000 - 101?
100000010011011
In base 10, what is 21 + -793?
-772
In base 8, what is 62104 - -2?
62106
In base 12, what is 270238 - -4?
270240
In base 13, what is b + -27ca?
-27bc
In base 7, what is -4 - 35265?
-35302
In base 12, what is 10b67 + -18?
10b4b
In base 9, what is 66 + -30557?
-30481
In base 12, what is -3 - 38799?
-387a0
In base 16, what is -4 - 103f1?
-103f5
In base 4, what is -11130110302 + 3?
-11130110233
In base 3, what is -10 - -1201021201?
1201021121
In base 3, what is 101000222111 - -12?
101000222200
In base 3, what is 0 + -1012211000?
-1012211000
In base 13, what is -4 + -13835?
-13839
In base 9, what is -114 + 71?
-33
In base 8, what is 3243 - -3?
3246
In base 6, what is -113324 - -2?
-113322
In base 8, what is -35164 - 62?
-35246
In base 14, what is 31d + -39?
2c4
In base 8, what is -5640 + -113?
-5753
In base 11, what is -6448 + -47?
-6494
In base 11, what is -1659 + 18?
-1641
In base 11, what is -19 + 5264?
5246
In base 6, what is 15120340 + 5?
15120345
In base 3, what is -211111 - -1112?
-202222
In base 9, what is -534 + -8150?
-8684
In base 13, what is 50060 - 5?
50058
In base 16, what is -a5 + -12f?
-1d4
In base 12, what is -75300 - 2?
-75302
In base 16, what is -9 - -8354?
834b
In base 13, what is 807a + -5?
8075
In base 3, what is 1000102000 - -102?
1000102102
In base 16, what is -24b5d + 0?
-24b5d
In base 2, what is -10 + 10000100001000?
10000100000110
In base 15, what is 3 - b766?
-b763
In base 7, what is 4 - 6205653?
-6205646
In base 12, what is 786 + 51?
817
In base 9, what is 1 + 72052?
72053
In base 3, what is 211112122 + 1?
211112200
In base 7, what is -531514 - 5?
-531522
In base 5, what is 110 + -14403?
-14243
In base 4, what is 132200 + -13332?
112202
In base 6, what is -1500152 - 2?
-1500154
In base 15, what is -7 + abd?
ab6
In base 5, what is -4234 - -1101?
-3133
In base 3, what is 101200202 - 1?
101200201
In base 3, what is -200120210202 - -12?
-200120210120
In base 5, what is 14301 - -342?
20143
In base 13, what is 3a7 + 19?
3c3
In base 12, what is -2631 - 6a?
-269b
In base 2, what is -101 - 100111101100101000?
-100111101100101101
In base 9, what is 37 + 23147?
23185
In base 7, what is 5 + 16364